 (6 - 4))) - -9 - 4?
-33
What is the value of 0 + -5 - (-16 + -135 + 74)?
72
(34 + -49 + -8 - -1) + -2 + -2 + 20
-6
What is the value of -22 + 39 - 13 - (72 - -9)?
-77
What is the value of (-24 + 44 - -1 - -1) + -89?
-67
-1 + (24 - 3 - -4) + (-15 + -17 - -42)
34
Evaluate -32 - (84 + 41 + -207).
50
What is (1 - 11) + -35 + 18 + 18 + 8 + -1?
-2
(199 - 151 - (4 + 55)) + (116 - (0 - 2))
107
What is -10 + -24 + 47 + (-44 - -4)?
-27
Evaluate (-21 - -13) + -11 + 6 + 9.
-4
What is the value of 39 + 27 + -85 - -82?
63
(14 - ((-4 - -9) + 5)) + (10 - -11 - 15)
10
-69 + (115 - 44 - 43) + -17
-58
What is the value of 202 + -105 - 25 - (12 - -1)?
59
What is 270 + -256 - (5 + 3) - (-1 + -44)?
51
-3 - 2 - (-14 - (24 - 11)) - (-9 + 0)
31
Evaluate 8 + 6 + -3 - (2226 + -2217).
2
What is the value of 1 + (50 - -1) + -417 + -36 + 443?
42
Evaluate (1 - (-65 - 7)) + -39.
34
Calculate 59 - (-3 + 1 - (24 - 18) - -10).
57
What is 11 + (-94 - -94 - -71)?
82
What is the value of -13 + 19 + 13 + 5 - (-13 + -8)?
45
12 + (-56 - -13) + -6
-37
Evaluate 34 - 77 - 7 - 2.
-52
Calculate (-3 + (1 - 0) - -6) + -20 + 27 + -11.
0
What is 74 + (-62 - -24) + -6?
30
What is (-41 - -20) + 36 + 52?
67
Evaluate 0 + 22 + (-8 - 7) + -31.
-24
What is 5 + 17 + (5 - (-4 - -10)) + 56 + -65?
12
90 - ((-8 - 0) + (-27 - (-9 + -50 + 20)))
86
What is -70 + 68 - 85 - -174?
87
41 - 0 - 0 - (58 - 42 - 6)
31
What is the value of 10 - (300 + -301 - (-1 + 0 + (-2 - -66)))?
74
472 + -513 + 1 + 28
-12
What is -20 + (-12 - -31) - (-1 + -5)?
5
Evaluate -33 - -72 - 4 - 18.
17
What is the value of (1 - (-14 + 4) - (-22 + 27 + 4)) + 32?
34
What is the value of 19 + -1 + 450 + -468?
0
What is (10 - 4 - (30 - 34)) + (-8 - 1) + -44?
-43
Evaluate 10 + 9 - (44 + -16 + -12).
3
What is -31 + 8 + (-2 - -2) - (-17 + (-14 - -22))?
-14
Evaluate -124 + -9 + 10 + 10 + (8 - 25).
-130
What is 191 + (-31 - -31) - (18 - -16)?
157
Calculate -29 - -5 - (64 + -98 + 49).
-39
Calculate 116 + -46 + -108 + 134.
96
Calculate 13 + (19 - (-57 - -89)).
0
(-23 + 7 + -11 - -20) + 8
1
What is the value of 5 + -5 - (-86 - (4 - -19 - 19))?
90
(6 - 19) + (-4 - -50 - 82)
-49
1 - -1 - (31 - (32 - 59)) - 1
-57
What is 66 + 9 - 82 - 117?
-124
What is -84 - -1 - (900 - 971)?
-12
What is -4 - (1 - -12 - (-53 - -27))?
-43
What is -11 - ((-6 - (10 - (2 + -5))) + 4) - 95?
-91
What is the value of 28 - (-64 - -70 - 89)?
111
What is 30 - ((-3 - -9) + (4 - (3 + -7 + 8)))?
24
Evaluate 39 + (-92 - -33) + 16.
-4
What is the value of 1 + 19 + (-171 - (-7 + -118))?
-26
Calculate (-28 - -27) + 28 - (-9 - 6) - 15.
27
Calculate (38 - 72 - -83) + (3 - 13).
39
(-2 - (-4 - (2 - 7))) + -550 + 649
96
What is (-26 - -41) + -9 + -39 + 40?
7
What is (1 - -22 - (-1 + -41 + 51)) + -7 + 11?
18
Evaluate -1 - 23 - (6 - (85 - 85)).
-30
Evaluate (22 - (32 + -17) - 19) + -12.
-24
What is the value of -68 - (91 - 223) - 73?
-9
What is 32 + (49 - 18) + -15?
48
Evaluate 322 + -315 - (3 - -1 - 63).
66
What is the value of -8 - 8 - -10 - (-11 + 19 + -15 + -13)?
14
(0 - 3) + 5 + (1 - (8 - 4)) + 27
26
Evaluate (-11 - (1 + -11 - (50 + -58))) + (11 - 0).
2
Evaluate (1236 + -1261 - (0 + -4)) + 7.
-14
What is the value of -136 - (-139 + -12) - (2 + 3 + 0 + -15)?
25
What is 22 + 78 - (181 + 29)?
-110
-14 - (-33 + (123 - 8 - 15))
-81
What is the value of -56 + (2 - (15 + (18 - 3 - 12)))?
-72
Evaluate (1 + 5 - 0 - (6 + -9)) + (-48 - -24).
-15
1 - (1 - 2) - (-51 + -81 + 121)
13
(-10 - -72) + 11 + -10 + 0 + -17 + 1
47
What is the value of -62 + 23 - (40 + -40)?
-39
What is the value of 495 + -467 - (3 - (-1 - -2) - 8)?
34
Calculate -59 + (61 - 20) + (0 - -3 - 2).
-17
What is the value of 19 + (-81 - 13) - -97?
22
What is (-46 - 3) + 6 - 1 - (-57 + (45 - -5))?
-37
What is the value of -3 + (66 + -8 + -4 - 7) - -4?
48
Evaluate (-76 - -75) + 9 + 2 + 1 + -25 + -9.
-23
-3 + 28 + -2 + (17 + 9 - (22 + 0))
27
Evaluate (23 + (-5 - 0) - (0 - -5)) + -125 + 203.
91
What is (-33 - -53 - (34 - 2)) + -17?
-29
66 - ((-23 + 20 - 32) + 52)
49
What is the value of -635 - -557 - (-3 + 1 + -21)?
-55
-3 + 0 + 8 - 93 - (-25 + (-1 - -26))
-88
What is 45 + -66 + 2 + -88?
-107
What is -5 - -57 - (5 + -6 + (10 - 5))?
48
What is -15 - (11 - (4 - -55))?
33
Calculate -277 + 244 - (-36 - -99).
-96
Calculate -21 - (-3 + 3 + (27 - 9 - 16)).
-23
Calculate 1 + -18 - (3 + 22 + -15 - (0 + 0)).
-27
What is the value of (-728 + 333 - -267) + 39 + -1?
-90
Evaluate 16 - (5 + -3) - (0 - (-2 + -9)).
3
Evaluate (-1 - 17) + (17 - -58 - 63).
-6
What is the value of (-27 - (-22 + 39)) + 57?
13
-7 - (46 + -25 - ((11 - 6) + -88))
-111
-47 - (-277 - -218) - (105 - (-2 + 2))
-93
What is the value of (77 - -29) + (-2 - (-13 + 3) - -10)?
124
Calculate 17 + -29 + 76 - (-1 + 5).
60
Evaluate 6 - ((-8 + -10 + -2 + 7 - -2) + 23).
-6
What is the value of -18 + 3 + (-284 - -351)?
52
What is the value of 2 + 43 + -117 + 88?
16
What is 75 - -2 - (-3088 + 3090)?
75
-30 + 127 + 163 + -359
-99
-19526 + 19498 + (0 - (2 - 1)) + 3
-26
What is the value of (-16 - (20 + 15 + -19 + -12)) + -32?
-52
Calculate -26 + 12 - (6 + 33 + -25).
-28
What is the value of -16 - (-8 + -11 - 9) - 32?
-20
10 + 2 + (152 - 76 - 65)
23
What is -2 + -23 + -476 + 518?
17
Calculate 1981 + -2004 - (-43 + 0).
20
What is the value of 37 + 72 + (-3 + -47 - -20)?
79
Evaluate 93 + (0 - -6 - (-343 + 352)) + 1.
91
Evaluate -33 + 42 + (-6 - 1) - (3 + -2).
1
What is -19 + (-6 - (-19 - 0) - (-75 + 8))?
61
What is -17 - ((-12 + (18 - -5) - -8) + -53)?
17
Calculate -39 + -12 + 24 - -50 - (-1 + -3).
27
Evaluate 20 - (-26 + (20 - -36) + -20).
10
(-20 - -17) + -6 + 3 - -7
1
Calculate (-12 - (10 + 7 + -14)) + 20.
5
Calculate (-12 - (-22 + 17 + 3) - -23) + 0 + 1.
14
Calculate 89 + -17 + 0 + -2 + 25.
95
7681 + -7704 + (2 - (1 + 1 + -5 - 2))
-16
What is -80 + 72 - (29 - 5) - -18 - -5?
-9
33 + 50 + (66 - 200)
-51
What is the value of 83 + 1 + (74 - 144)?
14
Evaluate 63 - 136 - (6 + -8 + -5 + 0).
-66
Calculate -2 + 19 + -16 - (1 - ((6 - 13) + 11)).
4
(118 - (321 - 148)) + (1 - (2 - 2)) + -8
-62
Calculate (-2 + -1 + (-103 - -107) - -31) + (-4 - -4).
32
What is -11038 - -11083 - (6 - (-2 + 1))?
38
What is -23 + (-7 + 11 - ((5 - (15 - -4)) + 12))?
-17
Calculate -15 + 7 + (-14 + 3 - (15 - -7)).
-41
What is the value of 5 + (3 - 25) - (9 - (-8 + 27))?
-7
Calculate -16 - (-91 + 4 + 34).
37
What is the value of (1 - 0) + (243 - 114 - 153)?
-23
30 + (91 + -19 - 10)
92
What is 70 - (39 + (-94 - -47))?
78
What is the value of -44 + 31 + -10 + 68?
45
Evaluate 123 - ((-9 - -51 - (42 - 19)) + -34).
138
Evaluate 55 - (-18 + (14 - 2) - -7 - -5).
49
What is 34 + 19 + -138 + 38?
-47
Calculate 3 + (78 - 73) - (-2 - -2 - -33).
-25
Evaluate 64 + (55 - 179) + -44 - (-1 - -1 - 7).
-97
What is the value of 16 + 13 + (-4 - 32) + -3 + -39?
-49
What is the value of -4 - -56 - (8 - (-9 - -1))?
36
Calculate (15 - (-14 - -8)) + -113 + 88.
-4
What is 68 + (-43 - -46) + -44?
27
Calculate -15 + (7 - (1 + -2)) + 36.
29
Calculate 16 + (-15 - 25 - 8).
-32
Calculate 20 + (-9 + 0 - 12) - -33.
32
62 + -110 + 17 - -40
9
Evaluate -6 - (45 - (65 + -74 + 0 + 18)).
-42
Evaluate 0 + -6 + 2 + 59 + -2 - (47 + -49).
55
Evaluate -39 + 66 - (-13 + 15 + 63).
-38
What is -4 + 8 + -22 + 15 + 7 + 1?
5
What is (0 - 3) + -133 - ((1 - -13) + 12 + -32)?
-130
Evaluate -10 + (91 + -85 - (33 - ((3 - 3) + -4))).
-41
-8 + (-7 - (-7 + 10 - 7) - (16 - 11))
-16
What is the value of -4 + 4 + 5 + -9 + -5 + -10?
-19
What is 2 + 1 - (-12 - (12 + (22 - (0 + 14))))?
35
Calculate 121 + -35 - 45 - (7 + 26).
8
Evaluate 4 + (12 + -6 - (-6 + -1 + (-4 - -6))).
15
(-39 + 6 - -38) + -36
-31
Calculate (-49 - 5 - -61) + 33.
40
What is the value of (-10 - (-19 + -3 - 4 - 5)) + -1 + -2?
18
Evaluate (27 - -41 - 103) + -20.
-55
Calculate 157 + (19 - (-105 - -178)).
103
Evaluate -26 - (1 + (-82 - -38)).
17
Calculate 5 + 0 + (-25 - -11) + (-6 - 18 - -109).
76
What is the value of (-3 - ((-3 - -11) + -7 + 2 + 4)) + 54?
44
What is the value of (-1 + -5 + 15 - -60) + (15 - (21 + 4))?
59
What is -2 + -8 + -13 + 65 + -95?
-53
(0 - 3) + 2 + -5 - -2 - 35
-39
Calculate 4 + 1 + 9 + (4 - -1) + (69 - 107).
-19
What is the value of (1 - 5 - (-49 - (48 + -26 + -49))) + 10?
28
What is the value of (6 - 4) + 6 + (-7 - (-14 - (-48 - 15)))?
-48
What is the value of -102 + 0 + (15 - 2) + 59 + (-104 - -42)?
-